{"id":97,"date":"2022-12-02T18:31:24","date_gmt":"2022-12-02T18:31:24","guid":{"rendered":"https:\/\/pl-graphisme.org\/Vente\/?post_type=product&#038;p=97"},"modified":"2023-03-01T04:59:07","modified_gmt":"2023-03-01T04:59:07","slug":"espace-geometrique","status":"publish","type":"product","link":"https:\/\/pl-graphisme.org\/Vente\/product\/espace-geometrique\/","title":{"rendered":"Espace g\u00e9om\u00e9trique"},"content":{"rendered":"<p>Espace G\u00e9om\u00e9trique, Acrylique et sable sur contre plaqu\u00e9, 59x63cm<\/p>\n","protected":false},"excerpt":{"rendered":"<p>Espace G\u00e9om\u00e9trique, peinture acrylique et sable sur contre plaqu\u00e9, 59x63cm<\/p>\n<p>Syst\u00e8me d&#8217;accrochage inclus.<\/p>\n","protected":false},"featured_media":98,"comment_status":"open","ping_status":"closed","template":"","meta":{"nf_dc_page":"","om_disable_all_campaigns":false,"_monsterinsights_skip_tracking":false,"_monsterinsights_sitenote_active":false,"_monsterinsights_sitenote_note":"","_monsterinsights_sitenote_category":0},"product_brand":[],"product_cat":[20,32],"product_tag":[50,21,41,49,48,61,40,36,34],"class_list":{"0":"post-97","1":"product","2":"type-product","3":"status-publish","4":"has-post-thumbnail","6":"product_cat-peintures-acryliques","7":"product_cat-technique-mixte","8":"product_tag-abstrait","9":"product_tag-acrylique","10":"product_tag-contre-plaque","11":"product_tag-peinture","12":"product_tag-philippe-levasseur","13":"product_tag-recyclage","14":"product_tag-sable","15":"product_tag-tableau","16":"product_tag-technique-mixte","18":"first","19":"instock","20":"shipping-taxable","21":"purchasable","22":"product-type-simple"},"aioseo_notices":[],"jetpack-related-posts":[{"id":452,"url":"https:\/\/pl-graphisme.org\/Vente\/product\/pan\/","url_meta":{"origin":97,"position":0},"title":"Pan","author":"phil.levasseur","date":"19\/01\/2023","format":false,"excerpt":"Pan. Huile au couteau sur contre plaqu\u00e9, peinte et encadr\u00e9e par Philippe Levasseur. R\u00e9alisation 1993, encadrement caisse am\u00e9ricaine 2023. Dimensions 38x40cm, encadr\u00e9e 47x47 cm. Mat\u00e9riaux issus de recyclage. En fonction de l'affichage des \u00e9crans les teintes peuvent diff\u00e9rer l\u00e9g\u00e8rement de l'original.","rel":"","context":"Article similaire","block_context":{"text":"Article similaire","link":""},"img":{"alt_text":"Pan. Huile au couteau sur contre plaqu\u00e9 de Philippe Levasseur, 38x40cm, encadr\u00e9e 47x47cm","src":"https:\/\/i0.wp.com\/pl-graphisme.org\/Vente\/wp-content\/uploads\/2023\/01\/pan-encadre.jpg?fit=1000%2C983&ssl=1&resize=350%2C200","width":350,"height":200,"srcset":"https:\/\/i0.wp.com\/pl-graphisme.org\/Vente\/wp-content\/uploads\/2023\/01\/pan-encadre.jpg?fit=1000%2C983&ssl=1&resize=350%2C200 1x, https:\/\/i0.wp.com\/pl-graphisme.org\/Vente\/wp-content\/uploads\/2023\/01\/pan-encadre.jpg?fit=1000%2C983&ssl=1&resize=525%2C300 1.5x, https:\/\/i0.wp.com\/pl-graphisme.org\/Vente\/wp-content\/uploads\/2023\/01\/pan-encadre.jpg?fit=1000%2C983&ssl=1&resize=700%2C400 2x"},"classes":[]},{"id":81,"url":"https:\/\/pl-graphisme.org\/Vente\/product\/town\/","url_meta":{"origin":97,"position":1},"title":"Town","author":"phil.levasseur","date":"02\/12\/2022","format":false,"excerpt":"Town, acrylique cir\u00e9 et papier m\u00e2ch\u00e9 sur r\u00e9sine expans\u00e9e arm\u00e9e, 60x30cm, encadr\u00e9 caisse am\u00e9ricaine 68.5x38.5cm, Mat\u00e9riaux recycl\u00e9s.","rel":"","context":"Article similaire","block_context":{"text":"Article similaire","link":""},"img":{"alt_text":"Town, acrylique cit\u00e9e et papier m\u00e2ch\u00e9 sur r\u00e9sine expans\u00e9e, encadr\u00e9 en caisse am\u00e9ricaine","src":"https:\/\/i0.wp.com\/pl-graphisme.org\/Vente\/wp-content\/uploads\/2022\/12\/town.jpg?fit=600%2C336&ssl=1&resize=350%2C200","width":350,"height":200,"srcset":"https:\/\/i0.wp.com\/pl-graphisme.org\/Vente\/wp-content\/uploads\/2022\/12\/town.jpg?fit=600%2C336&ssl=1&resize=350%2C200 1x, https:\/\/i0.wp.com\/pl-graphisme.org\/Vente\/wp-content\/uploads\/2022\/12\/town.jpg?fit=600%2C336&ssl=1&resize=525%2C300 1.5x"},"classes":[]},{"id":194,"url":"https:\/\/pl-graphisme.org\/Vente\/product\/la-glycine\/","url_meta":{"origin":97,"position":2},"title":"La glycine","author":"phil.levasseur","date":"05\/12\/2022","format":false,"excerpt":"La glycine, peinture acrylique sur carton, 30x42 cm, caisse am\u00e9ricaine, 37x49 cm. Mat\u00e9riaux recycl\u00e9s. Par Philippe Levasseur.","rel":"","context":"Article similaire","block_context":{"text":"Article similaire","link":""},"img":{"alt_text":"la glycine, acrylique sur carton, Philippe levasseur","src":"https:\/\/i0.wp.com\/pl-graphisme.org\/Vente\/wp-content\/uploads\/2022\/12\/la-glycine-sans-cadre.jpg?fit=442%2C600&ssl=1&resize=350%2C200","width":350,"height":200},"classes":[]},{"id":197,"url":"https:\/\/pl-graphisme.org\/Vente\/product\/fujiyama-au-printemps\/","url_meta":{"origin":97,"position":3},"title":"Fujiyama au printemps","author":"phil.levasseur","date":"05\/12\/2022","format":false,"excerpt":"Fujiyama au printemps, acrylique sur carton 42x30 cm, encadr\u00e9 en caisse am\u00e9ricaine 48.5x36.5, d'apr\u00e8s photo anonyme, peinture Philippe Levasseur.","rel":"","context":"Article similaire","block_context":{"text":"Article similaire","link":""},"img":{"alt_text":"Fujiyama au printemps, acrylique sur carton 42x30 cm, encadr\u00e9 en caisse am\u00e9ricaine 48.5x36.5, d'apr\u00e8s photo anonyme, peinture Philippe Levasseur.","src":"https:\/\/i0.wp.com\/pl-graphisme.org\/Vente\/wp-content\/uploads\/2022\/12\/Fujiyama-au-printemps-sans-cadre.jpg?fit=600%2C427&ssl=1&resize=350%2C200","width":350,"height":200,"srcset":"https:\/\/i0.wp.com\/pl-graphisme.org\/Vente\/wp-content\/uploads\/2022\/12\/Fujiyama-au-printemps-sans-cadre.jpg?fit=600%2C427&ssl=1&resize=350%2C200 1x, https:\/\/i0.wp.com\/pl-graphisme.org\/Vente\/wp-content\/uploads\/2022\/12\/Fujiyama-au-printemps-sans-cadre.jpg?fit=600%2C427&ssl=1&resize=525%2C300 1.5x"},"classes":[]},{"id":203,"url":"https:\/\/pl-graphisme.org\/Vente\/product\/casa-goldoni\/","url_meta":{"origin":97,"position":4},"title":"Casa Goldoni","author":"phil.levasseur","date":"05\/12\/2022","format":false,"excerpt":"Casa Goldoni, peinture acrylique sur carton, 22x29 cm. Sans cadre. Mat\u00e9riaux recycl\u00e9s. d\u2019apr\u00e8s une photo prise \u00e0 Venise par Philippe Levasseur.","rel":"","context":"Article similaire","block_context":{"text":"Article similaire","link":""},"img":{"alt_text":"Casa Goldoni, peinture acrylique sur carton, 22x29 cm, Sans cadre. Mat\u00e9riaux recycl\u00e9s. d\u2019apr\u00e8s une photo prise \u00e0 Venise par Philippe Levasseur.","src":"https:\/\/i0.wp.com\/pl-graphisme.org\/Vente\/wp-content\/uploads\/2022\/12\/casa_goldoni.jpg?fit=445%2C600&ssl=1&resize=350%2C200","width":350,"height":200},"classes":[]},{"id":53,"url":"https:\/\/pl-graphisme.org\/Vente\/product\/aube-a-wolfganzen\/","url_meta":{"origin":97,"position":5},"title":"Aube \u00e0 Wolfganzen, (Indisponible)","author":"phil.levasseur","date":"30\/11\/2022","format":false,"excerpt":"Aube \u00e0 Wolfganzen, Peinture acrylique sur toile de 2012, 39x29cm encadr\u00e9e 44x34cm. Philippe Levasseur. Cadre en bois vernis filet dor\u00e9.","rel":"","context":"Article similaire","block_context":{"text":"Article similaire","link":""},"img":{"alt_text":"Coucher de soleil sur Wolfganzen, acrylique sur toite encadr\u00e9e.","src":"https:\/\/i0.wp.com\/pl-graphisme.org\/Vente\/wp-content\/uploads\/2022\/11\/wolfganzen-1.jpg?fit=600%2C448&ssl=1&resize=350%2C200","width":350,"height":200,"srcset":"https:\/\/i0.wp.com\/pl-graphisme.org\/Vente\/wp-content\/uploads\/2022\/11\/wolfganzen-1.jpg?fit=600%2C448&ssl=1&resize=350%2C200 1x, https:\/\/i0.wp.com\/pl-graphisme.org\/Vente\/wp-content\/uploads\/2022\/11\/wolfganzen-1.jpg?fit=600%2C448&ssl=1&resize=525%2C300 1.5x"},"classes":[]}],"jetpack_sharing_enabled":true,"_links":{"self":[{"href":"https:\/\/pl-graphisme.org\/Vente\/wp-json\/wp\/v2\/product\/97","targetHints":{"allow":["GET"]}}],"collection":[{"href":"https:\/\/pl-graphisme.org\/Vente\/wp-json\/wp\/v2\/product"}],"about":[{"href":"https:\/\/pl-graphisme.org\/Vente\/wp-json\/wp\/v2\/types\/product"}],"replies":[{"embeddable":true,"href":"https:\/\/pl-graphisme.org\/Vente\/wp-json\/wp\/v2\/comments?post=97"}],"wp:featuredmedia":[{"embeddable":true,"href":"https:\/\/pl-graphisme.org\/Vente\/wp-json\/wp\/v2\/media\/98"}],"wp:attachment":[{"href":"https:\/\/pl-graphisme.org\/Vente\/wp-json\/wp\/v2\/media?parent=97"}],"wp:term":[{"taxonomy":"product_brand","embeddable":true,"href":"https:\/\/pl-graphisme.org\/Vente\/wp-json\/wp\/v2\/product_brand?post=97"},{"taxonomy":"product_cat","embeddable":true,"href":"https:\/\/pl-graphisme.org\/Vente\/wp-json\/wp\/v2\/product_cat?post=97"},{"taxonomy":"product_tag","embeddable":true,"href":"https:\/\/pl-graphisme.org\/Vente\/wp-json\/wp\/v2\/product_tag?post=97"}],"curies":[{"name":"wp","href":"https:\/\/api.w.org\/{rel}","templated":true}]}}