{"id":361,"date":"2023-01-12T11:11:02","date_gmt":"2023-01-12T11:11:02","guid":{"rendered":"https:\/\/pl-graphisme.org\/Vente\/?post_type=product&#038;p=361"},"modified":"2023-03-01T04:59:09","modified_gmt":"2023-03-01T04:59:09","slug":"venise-au-crepuscule","status":"publish","type":"product","link":"https:\/\/pl-graphisme.org\/Vente\/product\/venise-au-crepuscule\/","title":{"rendered":"Venise au cr\u00e9puscule"},"content":{"rendered":"<p>Venise au cr\u00e9puscule, lorsque la nuit tombe, on peut admirer le soleil se coucher sur le canal devant\u00a0 la place St Marc. J\u2019ai peint ce tableau en 2010, il est en acrylique sur carton de dimensions 49x37cm. Tous les mat\u00e9riaux sont issus de recyclage.<\/p>\n<p>Peut \u00eatre livr\u00e9 encadr\u00e9 caisse am\u00e9ricaine. Pour la commande il faut ajouter &#8220;<a href=\"https:\/\/pl-graphisme.org\/Vente\/product\/caisse-americaine\/\" target=\"_blank\" rel=\"noopener\">caisse am\u00e9ricaine<\/a>&#8221; au panier et laisser un commentaire pour le choix de teinte du fond de cadre.<\/p>\n<p>L&#8217;image encadr\u00e9e est une simulation. le r\u00e9sultat peut \u00eatre l\u00e9g\u00e8rement diff\u00e9rent.<\/p>\n","protected":false},"excerpt":{"rendered":"<p>Venise au cr\u00e9puscule<\/p>\n<p>Peint en 2010<\/p>\n<p>Acrylique sur carton<\/p>\n<p>Dimensions 49x37cm<\/p>\n<p>Mat\u00e9riaux issus de recyclage.<\/p>\n<p>Peut \u00eatre livr\u00e9 encadr\u00e9 caisse am\u00e9ricaine, environs 52\u00d740cm. Pour la commande il faut ajouter &#8220;<a href=\"https:\/\/pl-graphisme.org\/Vente\/product\/caisse-americaine\/\" target=\"_blank\" rel=\"noopener\">caisse am\u00e9ricaine<\/a>&#8221; au panier et laisser un commentaire pour le choix de teinte du fond de cadre.<\/p>\n<p>L&#8217;image encadr\u00e9e est une simulation. le r\u00e9sultat peut \u00eatre l\u00e9g\u00e8rement diff\u00e9rent.<\/p>\n","protected":false},"featured_media":363,"comment_status":"open","ping_status":"closed","template":"","meta":{"nf_dc_page":"","om_disable_all_campaigns":false,"_monsterinsights_skip_tracking":false,"_monsterinsights_sitenote_active":false,"_monsterinsights_sitenote_note":"","_monsterinsights_sitenote_category":0},"product_brand":[],"product_cat":[20],"product_tag":[21,57,29,25,79,58,49,48,61,36,59],"class_list":{"0":"post-361","1":"product","2":"type-product","3":"status-publish","4":"has-post-thumbnail","6":"product_cat-peintures-acryliques","7":"product_tag-acrylique","8":"product_tag-carton","9":"product_tag-coucher-de-soleil","10":"product_tag-encadree","11":"product_tag-italie","12":"product_tag-paysage","13":"product_tag-peinture","14":"product_tag-philippe-levasseur","15":"product_tag-recyclage","16":"product_tag-tableau","17":"product_tag-venise","19":"first","20":"instock","21":"shipping-taxable","22":"purchasable","23":"product-type-simple"},"aioseo_notices":[],"jetpack-related-posts":[{"id":200,"url":"https:\/\/pl-graphisme.org\/Vente\/product\/piazza-san-marco-aqua-alta\/","url_meta":{"origin":361,"position":0},"title":"Piazza San Marco, aqua alta","author":"phil.levasseur","date":"05\/12\/2022","format":false,"excerpt":"Piazza San Marco, aqua alta ; Venise, acrylique sur carton 30x42 cm, encadr\u00e9 en caisse am\u00e9ricaine 37x49 cm, d\u2019apr\u00e8s photo Philippe Levasseur. Mat\u00e9riaux recycl\u00e9s.","rel":"","context":"Article similaire","block_context":{"text":"Article similaire","link":""},"img":{"alt_text":"Piazza San Marco, aqua alta ; Venise, acrylique sur carton 30x42 cm, encadr\u00e9 en caisse am\u00e9ricaine 37x49 cm, d\u2019apr\u00e8s photo Philippe Levasseur. Mat\u00e9riaux recycl\u00e9s.","src":"https:\/\/i0.wp.com\/pl-graphisme.org\/Vente\/wp-content\/uploads\/2022\/12\/san-marco-01-sans-cadre.jpg?fit=438%2C600&ssl=1&resize=350%2C200","width":350,"height":200},"classes":[]},{"id":452,"url":"https:\/\/pl-graphisme.org\/Vente\/product\/pan\/","url_meta":{"origin":361,"position":1},"title":"Pan","author":"phil.levasseur","date":"19\/01\/2023","format":false,"excerpt":"Pan. Huile au couteau sur contre plaqu\u00e9, peinte et encadr\u00e9e par Philippe Levasseur. R\u00e9alisation 1993, encadrement caisse am\u00e9ricaine 2023. Dimensions 38x40cm, encadr\u00e9e 47x47 cm. Mat\u00e9riaux issus de recyclage. En fonction de l'affichage des \u00e9crans les teintes peuvent diff\u00e9rer l\u00e9g\u00e8rement de l'original.","rel":"","context":"Article similaire","block_context":{"text":"Article similaire","link":""},"img":{"alt_text":"Pan. Huile au couteau sur contre plaqu\u00e9 de Philippe Levasseur, 38x40cm, encadr\u00e9e 47x47cm","src":"https:\/\/i0.wp.com\/pl-graphisme.org\/Vente\/wp-content\/uploads\/2023\/01\/pan-encadre.jpg?fit=1000%2C983&ssl=1&resize=350%2C200","width":350,"height":200,"srcset":"https:\/\/i0.wp.com\/pl-graphisme.org\/Vente\/wp-content\/uploads\/2023\/01\/pan-encadre.jpg?fit=1000%2C983&ssl=1&resize=350%2C200 1x, https:\/\/i0.wp.com\/pl-graphisme.org\/Vente\/wp-content\/uploads\/2023\/01\/pan-encadre.jpg?fit=1000%2C983&ssl=1&resize=525%2C300 1.5x, https:\/\/i0.wp.com\/pl-graphisme.org\/Vente\/wp-content\/uploads\/2023\/01\/pan-encadre.jpg?fit=1000%2C983&ssl=1&resize=700%2C400 2x"},"classes":[]},{"id":454,"url":"https:\/\/pl-graphisme.org\/Vente\/product\/variations-chromatiques-jaune\/","url_meta":{"origin":361,"position":2},"title":"Variations chromatiques jaune","author":"phil.levasseur","date":"20\/01\/2023","format":false,"excerpt":"Variations chromatiques jaune, acrylique cir\u00e9 et papier m\u00e2ch\u00e9 sur isorel de Philippe Levasseur, r\u00e9alis\u00e9 en novembre 2022 Dimensions 38x38cm, encadr\u00e9 caisse am\u00e9ricaine 48x48cm. Tous les mat\u00e9riaux sont issus de recyclage. En fonctions des \u00e9crans les teintes peuvent \u00eatre l\u00e9g\u00e8rement diff\u00e9rentes. Acheter la s\u00e9rie","rel":"","context":"Article similaire","block_context":{"text":"Article similaire","link":""},"img":{"alt_text":"Variations chromatiques jaune, acrylique cir\u00e9 et papier m\u00e2ch\u00e9 sur isorel de Philippe Levasseur, r\u00e9alis\u00e9 en novembre 2022 Dimensions 38x38cm, encadr\u00e9 caisse am\u00e9ricaine 48x48cm. Tous les mat\u00e9riaux sont issus de recyclage. En fonctions des \u00e9crans les teintes peuvent \u00eatre l\u00e9g\u00e8rement diff\u00e9rentes.","src":"https:\/\/i0.wp.com\/pl-graphisme.org\/Vente\/wp-content\/uploads\/2023\/01\/variations-chromatiques-jaune-encadree.jpg?fit=1000%2C1001&ssl=1&resize=350%2C200","width":350,"height":200,"srcset":"https:\/\/i0.wp.com\/pl-graphisme.org\/Vente\/wp-content\/uploads\/2023\/01\/variations-chromatiques-jaune-encadree.jpg?fit=1000%2C1001&ssl=1&resize=350%2C200 1x, https:\/\/i0.wp.com\/pl-graphisme.org\/Vente\/wp-content\/uploads\/2023\/01\/variations-chromatiques-jaune-encadree.jpg?fit=1000%2C1001&ssl=1&resize=525%2C300 1.5x, https:\/\/i0.wp.com\/pl-graphisme.org\/Vente\/wp-content\/uploads\/2023\/01\/variations-chromatiques-jaune-encadree.jpg?fit=1000%2C1001&ssl=1&resize=700%2C400 2x"},"classes":[]},{"id":450,"url":"https:\/\/pl-graphisme.org\/Vente\/product\/un-anneau\/","url_meta":{"origin":361,"position":3},"title":"Un Anneau","author":"phil.levasseur","date":"19\/01\/2023","format":false,"excerpt":"Un anneau, acrylique cir\u00e9 et papier m\u00e2ch\u00e9 sur isorel de Philippe Levasseur, R\u00e9alis\u00e9 en octobre 2022 dimensions 24x24cm, encadr\u00e9 caisse am\u00e9ricaine 33x33cm. Tous les mat\u00e9riaux sont issus de recyclage. En fonctions des \u00e9crans les teintes peuvent \u00eatre l\u00e9g\u00e8rement diff\u00e9rentes.","rel":"","context":"Article similaire","block_context":{"text":"Article similaire","link":""},"img":{"alt_text":"","src":"","width":0,"height":0},"classes":[]},{"id":459,"url":"https:\/\/pl-graphisme.org\/Vente\/product\/variations-chromatiques-rouge\/","url_meta":{"origin":361,"position":4},"title":"Variations chromatiques rouge","author":"phil.levasseur","date":"22\/01\/2023","format":false,"excerpt":"Variations chromatiques rouge, acrylique cir\u00e9 et papier m\u00e2ch\u00e9 sur isorel de Philippe Levasseur, r\u00e9alis\u00e9 en novembre 2022 Fait partie d'une s\u00e9rie de 4 tableaux. Dimensions 38x38cm, encadr\u00e9 caisse am\u00e9ricaine 48x48cm. Tous les mat\u00e9riaux sont issus de recyclage. En fonctions des \u00e9crans les teintes peuvent \u00eatre l\u00e9g\u00e8rement diff\u00e9rentes. Acheter la s\u00e9rie\u2026","rel":"","context":"Article similaire","block_context":{"text":"Article similaire","link":""},"img":{"alt_text":"Variations chromatiques rouge, acrylique cir\u00e9 et papier m\u00e2ch\u00e9 sur isorel de Philippe Levasseur, r\u00e9alis\u00e9 en octobre 2022 Dimensions 38x38cm, encadr\u00e9 caisse am\u00e9ricaine 48x48cm. Tous les mat\u00e9riaux sont issus de recyclage. En fonctions des \u00e9crans les teintes peuvent \u00eatre l\u00e9g\u00e8rement diff\u00e9rentes.","src":"https:\/\/i0.wp.com\/pl-graphisme.org\/Vente\/wp-content\/uploads\/2023\/01\/variations-chromatiquesrouge-encadre.jpg?fit=1000%2C986&ssl=1&resize=350%2C200","width":350,"height":200,"srcset":"https:\/\/i0.wp.com\/pl-graphisme.org\/Vente\/wp-content\/uploads\/2023\/01\/variations-chromatiquesrouge-encadre.jpg?fit=1000%2C986&ssl=1&resize=350%2C200 1x, https:\/\/i0.wp.com\/pl-graphisme.org\/Vente\/wp-content\/uploads\/2023\/01\/variations-chromatiquesrouge-encadre.jpg?fit=1000%2C986&ssl=1&resize=525%2C300 1.5x, https:\/\/i0.wp.com\/pl-graphisme.org\/Vente\/wp-content\/uploads\/2023\/01\/variations-chromatiquesrouge-encadre.jpg?fit=1000%2C986&ssl=1&resize=700%2C400 2x"},"classes":[]},{"id":462,"url":"https:\/\/pl-graphisme.org\/Vente\/product\/variations-chromatiques-bleu\/","url_meta":{"origin":361,"position":5},"title":"Variations chromatiques bleu","author":"phil.levasseur","date":"22\/01\/2023","format":false,"excerpt":"Variations chromatiques bleu, acrylique cir\u00e9 et papier m\u00e2ch\u00e9 sur isorel de Philippe Levasseur, r\u00e9alis\u00e9 en octobre 2022 Fait partie d'une s\u00e9rie de 4 tableaux. Dimensions 38x38cm, encadr\u00e9 caisse am\u00e9ricaine 48x48cm. Tous les mat\u00e9riaux sont issus de recyclage. En fonctions des \u00e9crans les teintes peuvent \u00eatre l\u00e9g\u00e8rement diff\u00e9rentes. Acheter la s\u00e9rie","rel":"","context":"Article similaire","block_context":{"text":"Article similaire","link":""},"img":{"alt_text":"Variations chromatiques bleu, acrylique cir\u00e9 et papier m\u00e2ch\u00e9 sur isorel de Philippe Levasseur, r\u00e9alis\u00e9 en octobre 2022 Dimensions 38x38cm, encadr\u00e9 caisse am\u00e9ricaine 48x48cm. Tous les mat\u00e9riaux sont issus de recyclage. En fonctions des \u00e9crans les teintes peuvent \u00eatre l\u00e9g\u00e8rement diff\u00e9rentes.","src":"https:\/\/i0.wp.com\/pl-graphisme.org\/Vente\/wp-content\/uploads\/2023\/01\/variations-chromatiquesbleu-encadre.jpg?fit=1000%2C986&ssl=1&resize=350%2C200","width":350,"height":200,"srcset":"https:\/\/i0.wp.com\/pl-graphisme.org\/Vente\/wp-content\/uploads\/2023\/01\/variations-chromatiquesbleu-encadre.jpg?fit=1000%2C986&ssl=1&resize=350%2C200 1x, https:\/\/i0.wp.com\/pl-graphisme.org\/Vente\/wp-content\/uploads\/2023\/01\/variations-chromatiquesbleu-encadre.jpg?fit=1000%2C986&ssl=1&resize=525%2C300 1.5x, https:\/\/i0.wp.com\/pl-graphisme.org\/Vente\/wp-content\/uploads\/2023\/01\/variations-chromatiquesbleu-encadre.jpg?fit=1000%2C986&ssl=1&resize=700%2C400 2x"},"classes":[]}],"jetpack_sharing_enabled":true,"_links":{"self":[{"href":"https:\/\/pl-graphisme.org\/Vente\/wp-json\/wp\/v2\/product\/361","targetHints":{"allow":["GET"]}}],"collection":[{"href":"https:\/\/pl-graphisme.org\/Vente\/wp-json\/wp\/v2\/product"}],"about":[{"href":"https:\/\/pl-graphisme.org\/Vente\/wp-json\/wp\/v2\/types\/product"}],"replies":[{"embeddable":true,"href":"https:\/\/pl-graphisme.org\/Vente\/wp-json\/wp\/v2\/comments?post=361"}],"wp:featuredmedia":[{"embeddable":true,"href":"https:\/\/pl-graphisme.org\/Vente\/wp-json\/wp\/v2\/media\/363"}],"wp:attachment":[{"href":"https:\/\/pl-graphisme.org\/Vente\/wp-json\/wp\/v2\/media?parent=361"}],"wp:term":[{"taxonomy":"product_brand","embeddable":true,"href":"https:\/\/pl-graphisme.org\/Vente\/wp-json\/wp\/v2\/product_brand?post=361"},{"taxonomy":"product_cat","embeddable":true,"href":"https:\/\/pl-graphisme.org\/Vente\/wp-json\/wp\/v2\/product_cat?post=361"},{"taxonomy":"product_tag","embeddable":true,"href":"https:\/\/pl-graphisme.org\/Vente\/wp-json\/wp\/v2\/product_tag?post=361"}],"curies":[{"name":"wp","href":"https:\/\/api.w.org\/{rel}","templated":true}]}}