{"id":203,"date":"2022-12-05T08:31:25","date_gmt":"2022-12-05T08:31:25","guid":{"rendered":"https:\/\/pl-graphisme.org\/Vente\/?post_type=product&#038;p=203"},"modified":"2023-03-01T04:59:08","modified_gmt":"2023-03-01T04:59:08","slug":"casa-goldoni","status":"publish","type":"product","link":"https:\/\/pl-graphisme.org\/Vente\/product\/casa-goldoni\/","title":{"rendered":"Casa Goldoni"},"content":{"rendered":"<p>Casa Goldoni, peinture acrylique sur carton, 22&#215;29 cm, Sans cadre. Mat\u00e9riaux recycl\u00e9s. d\u2019apr\u00e8s une photo prise \u00e0 Venise par Philippe Levasseur.<\/p>\n","protected":false},"excerpt":{"rendered":"<p>Casa Goldoni, peinture acrylique sur carton, 22&#215;29 cm. Sans cadre. Mat\u00e9riaux recycl\u00e9s. d\u2019apr\u00e8s une photo prise \u00e0 Venise par Philippe Levasseur.<\/p>\n","protected":false},"featured_media":204,"comment_status":"open","ping_status":"closed","template":"","meta":{"nf_dc_page":"","om_disable_all_campaigns":false,"_monsterinsights_skip_tracking":false,"_monsterinsights_sitenote_active":false,"_monsterinsights_sitenote_note":"","_monsterinsights_sitenote_category":0},"product_brand":[],"product_cat":[20],"product_tag":[21,60,57,49,48,47,61,36,59],"class_list":{"0":"post-203","1":"product","2":"type-product","3":"status-publish","4":"has-post-thumbnail","6":"product_cat-peintures-acryliques","7":"product_tag-acrylique","8":"product_tag-architecture","9":"product_tag-carton","10":"product_tag-peinture","11":"product_tag-philippe-levasseur","12":"product_tag-pierres","13":"product_tag-recyclage","14":"product_tag-tableau","15":"product_tag-venise","17":"first","18":"instock","19":"shipping-taxable","20":"purchasable","21":"product-type-simple"},"aioseo_notices":[],"jetpack-related-posts":[{"id":200,"url":"https:\/\/pl-graphisme.org\/Vente\/product\/piazza-san-marco-aqua-alta\/","url_meta":{"origin":203,"position":0},"title":"Piazza San Marco, aqua alta","author":"phil.levasseur","date":"05\/12\/2022","format":false,"excerpt":"Piazza San Marco, aqua alta ; Venise, acrylique sur carton 30x42 cm, encadr\u00e9 en caisse am\u00e9ricaine 37x49 cm, d\u2019apr\u00e8s photo Philippe Levasseur. Mat\u00e9riaux recycl\u00e9s.","rel":"","context":"Article similaire","block_context":{"text":"Article similaire","link":""},"img":{"alt_text":"Piazza San Marco, aqua alta ; Venise, acrylique sur carton 30x42 cm, encadr\u00e9 en caisse am\u00e9ricaine 37x49 cm, d\u2019apr\u00e8s photo Philippe Levasseur. Mat\u00e9riaux recycl\u00e9s.","src":"https:\/\/i0.wp.com\/pl-graphisme.org\/Vente\/wp-content\/uploads\/2022\/12\/san-marco-01-sans-cadre.jpg?fit=438%2C600&ssl=1&resize=350%2C200","width":350,"height":200},"classes":[]},{"id":194,"url":"https:\/\/pl-graphisme.org\/Vente\/product\/la-glycine\/","url_meta":{"origin":203,"position":1},"title":"La glycine","author":"phil.levasseur","date":"05\/12\/2022","format":false,"excerpt":"La glycine, peinture acrylique sur carton, 30x42 cm, caisse am\u00e9ricaine, 37x49 cm. Mat\u00e9riaux recycl\u00e9s. Par Philippe Levasseur.","rel":"","context":"Article similaire","block_context":{"text":"Article similaire","link":""},"img":{"alt_text":"la glycine, acrylique sur carton, Philippe levasseur","src":"https:\/\/i0.wp.com\/pl-graphisme.org\/Vente\/wp-content\/uploads\/2022\/12\/la-glycine-sans-cadre.jpg?fit=442%2C600&ssl=1&resize=350%2C200","width":350,"height":200},"classes":[]},{"id":361,"url":"https:\/\/pl-graphisme.org\/Vente\/product\/venise-au-crepuscule\/","url_meta":{"origin":203,"position":2},"title":"Venise au cr\u00e9puscule","author":"phil.levasseur","date":"12\/01\/2023","format":false,"excerpt":"Venise au cr\u00e9puscule Peint en 2010 Acrylique sur carton Dimensions 49x37cm Mat\u00e9riaux issus de recyclage. Peut \u00eatre livr\u00e9 encadr\u00e9 caisse am\u00e9ricaine, environs 52\u00d740cm. Pour la commande il faut ajouter \"caisse am\u00e9ricaine\" au panier et laisser un commentaire pour le choix de teinte du fond de cadre. L'image encadr\u00e9e est une\u2026","rel":"","context":"Article similaire","block_context":{"text":"Article similaire","link":""},"img":{"alt_text":"Venise au cr\u00e9puscule, Acrylique sur carton Philippe Levasseur.","src":"https:\/\/i0.wp.com\/pl-graphisme.org\/Vente\/wp-content\/uploads\/2023\/01\/venise-au-crepuscule.jpg?fit=800%2C590&ssl=1&resize=350%2C200","width":350,"height":200,"srcset":"https:\/\/i0.wp.com\/pl-graphisme.org\/Vente\/wp-content\/uploads\/2023\/01\/venise-au-crepuscule.jpg?fit=800%2C590&ssl=1&resize=350%2C200 1x, https:\/\/i0.wp.com\/pl-graphisme.org\/Vente\/wp-content\/uploads\/2023\/01\/venise-au-crepuscule.jpg?fit=800%2C590&ssl=1&resize=525%2C300 1.5x, https:\/\/i0.wp.com\/pl-graphisme.org\/Vente\/wp-content\/uploads\/2023\/01\/venise-au-crepuscule.jpg?fit=800%2C590&ssl=1&resize=700%2C400 2x"},"classes":[]},{"id":197,"url":"https:\/\/pl-graphisme.org\/Vente\/product\/fujiyama-au-printemps\/","url_meta":{"origin":203,"position":3},"title":"Fujiyama au printemps","author":"phil.levasseur","date":"05\/12\/2022","format":false,"excerpt":"Fujiyama au printemps, acrylique sur carton 42x30 cm, encadr\u00e9 en caisse am\u00e9ricaine 48.5x36.5, d'apr\u00e8s photo anonyme, peinture Philippe Levasseur.","rel":"","context":"Article similaire","block_context":{"text":"Article similaire","link":""},"img":{"alt_text":"Fujiyama au printemps, acrylique sur carton 42x30 cm, encadr\u00e9 en caisse am\u00e9ricaine 48.5x36.5, d'apr\u00e8s photo anonyme, peinture Philippe Levasseur.","src":"https:\/\/i0.wp.com\/pl-graphisme.org\/Vente\/wp-content\/uploads\/2022\/12\/Fujiyama-au-printemps-sans-cadre.jpg?fit=600%2C427&ssl=1&resize=350%2C200","width":350,"height":200,"srcset":"https:\/\/i0.wp.com\/pl-graphisme.org\/Vente\/wp-content\/uploads\/2022\/12\/Fujiyama-au-printemps-sans-cadre.jpg?fit=600%2C427&ssl=1&resize=350%2C200 1x, https:\/\/i0.wp.com\/pl-graphisme.org\/Vente\/wp-content\/uploads\/2022\/12\/Fujiyama-au-printemps-sans-cadre.jpg?fit=600%2C427&ssl=1&resize=525%2C300 1.5x"},"classes":[]},{"id":358,"url":"https:\/\/pl-graphisme.org\/Vente\/product\/san-giorgio-magiore-soleil-couchant\/","url_meta":{"origin":203,"position":4},"title":"San Giorgio Magiore soleil couchant","author":"phil.levasseur","date":"12\/01\/2023","format":false,"excerpt":"San Giorgio Magiore soleil couchant. Peint en 2010 Acrylique sur carton Dimensions 49x37cm, encadr\u00e9e 52\u00d739,5cm. Mat\u00e9riaux issus de recyclage.","rel":"","context":"Article similaire","block_context":{"text":"Article similaire","link":""},"img":{"alt_text":"San Giorgio Magiore soleil couchant. Acrylique sur carton.","src":"https:\/\/i0.wp.com\/pl-graphisme.org\/Vente\/wp-content\/uploads\/2023\/01\/san-giorgio-di-magiore-nuti-sans-cadre.jpg?fit=800%2C561&ssl=1&resize=350%2C200","width":350,"height":200,"srcset":"https:\/\/i0.wp.com\/pl-graphisme.org\/Vente\/wp-content\/uploads\/2023\/01\/san-giorgio-di-magiore-nuti-sans-cadre.jpg?fit=800%2C561&ssl=1&resize=350%2C200 1x, https:\/\/i0.wp.com\/pl-graphisme.org\/Vente\/wp-content\/uploads\/2023\/01\/san-giorgio-di-magiore-nuti-sans-cadre.jpg?fit=800%2C561&ssl=1&resize=525%2C300 1.5x, https:\/\/i0.wp.com\/pl-graphisme.org\/Vente\/wp-content\/uploads\/2023\/01\/san-giorgio-di-magiore-nuti-sans-cadre.jpg?fit=800%2C561&ssl=1&resize=700%2C400 2x"},"classes":[]},{"id":583,"url":"https:\/\/pl-graphisme.org\/Vente\/product\/ponte-dei-tre-archi\/","url_meta":{"origin":203,"position":5},"title":"Ponte dei tre archi","author":"phil.levasseur","date":"02\/02\/2023","format":false,"excerpt":"Ponte dei tre archi \u00e0 Venise. Aquarelle originale de Philippe Levasseur. Peinte en 2010. Mesures 21x29,7cm sans cadre. Peut \u00eatre vendue encadr\u00e9e sous verre 33x43,5cm. Cadre bois vernis filet or. Lors de la commande il est n\u00e9cessaire de choisir la pr\u00e9sentation.","rel":"","context":"Article similaire","block_context":{"text":"Article similaire","link":""},"img":{"alt_text":"Ponte dei tre archi \u00e0 Venise. Aquarelle originale de Philippe Levasseur. Peinte en 2010. Mesures 21x29,7cm sans cadre. Peut \u00eatre vendue encadr\u00e9e sous verre 33x43,5cm. Cadre bois vernis filet or. Lors de la commande il est n\u00e9cessaire de choisir la pr\u00e9sentation.","src":"https:\/\/i0.wp.com\/pl-graphisme.org\/Vente\/wp-content\/uploads\/2023\/02\/ponte_dei_tre_archi600x426.jpg?fit=600%2C426&ssl=1&resize=350%2C200","width":350,"height":200,"srcset":"https:\/\/i0.wp.com\/pl-graphisme.org\/Vente\/wp-content\/uploads\/2023\/02\/ponte_dei_tre_archi600x426.jpg?fit=600%2C426&ssl=1&resize=350%2C200 1x, https:\/\/i0.wp.com\/pl-graphisme.org\/Vente\/wp-content\/uploads\/2023\/02\/ponte_dei_tre_archi600x426.jpg?fit=600%2C426&ssl=1&resize=525%2C300 1.5x"},"classes":[]}],"jetpack_sharing_enabled":true,"_links":{"self":[{"href":"https:\/\/pl-graphisme.org\/Vente\/wp-json\/wp\/v2\/product\/203","targetHints":{"allow":["GET"]}}],"collection":[{"href":"https:\/\/pl-graphisme.org\/Vente\/wp-json\/wp\/v2\/product"}],"about":[{"href":"https:\/\/pl-graphisme.org\/Vente\/wp-json\/wp\/v2\/types\/product"}],"replies":[{"embeddable":true,"href":"https:\/\/pl-graphisme.org\/Vente\/wp-json\/wp\/v2\/comments?post=203"}],"wp:featuredmedia":[{"embeddable":true,"href":"https:\/\/pl-graphisme.org\/Vente\/wp-json\/wp\/v2\/media\/204"}],"wp:attachment":[{"href":"https:\/\/pl-graphisme.org\/Vente\/wp-json\/wp\/v2\/media?parent=203"}],"wp:term":[{"taxonomy":"product_brand","embeddable":true,"href":"https:\/\/pl-graphisme.org\/Vente\/wp-json\/wp\/v2\/product_brand?post=203"},{"taxonomy":"product_cat","embeddable":true,"href":"https:\/\/pl-graphisme.org\/Vente\/wp-json\/wp\/v2\/product_cat?post=203"},{"taxonomy":"product_tag","embeddable":true,"href":"https:\/\/pl-graphisme.org\/Vente\/wp-json\/wp\/v2\/product_tag?post=203"}],"curies":[{"name":"wp","href":"https:\/\/api.w.org\/{rel}","templated":true}]}}