{"id":197,"date":"2022-12-05T08:00:16","date_gmt":"2022-12-05T08:00:16","guid":{"rendered":"https:\/\/pl-graphisme.org\/Vente\/?post_type=product&#038;p=197"},"modified":"2023-03-01T04:59:07","modified_gmt":"2023-03-01T04:59:07","slug":"fujiyama-au-printemps","status":"publish","type":"product","link":"https:\/\/pl-graphisme.org\/Vente\/product\/fujiyama-au-printemps\/","title":{"rendered":"Fujiyama au printemps"},"content":{"rendered":"<p>Fujiyama au printemps, acrylique sur carton 42&#215;30 cm, encadr\u00e9 en caisse am\u00e9ricaine 48.5&#215;36.5, d&#8217;apr\u00e8s photo anonyme, peinture Philippe Levasseur.<\/p>\n","protected":false},"excerpt":{"rendered":"<p>Fujiyama au printemps, acrylique sur carton 42&#215;30 cm, encadr\u00e9 en caisse am\u00e9ricaine 48.5&#215;36.5, d&#8217;apr\u00e8s photo anonyme, peinture Philippe Levasseur.<\/p>\n","protected":false},"featured_media":198,"comment_status":"open","ping_status":"closed","template":"","meta":{"nf_dc_page":"","om_disable_all_campaigns":false,"_monsterinsights_skip_tracking":false,"_monsterinsights_sitenote_active":false,"_monsterinsights_sitenote_note":"","_monsterinsights_sitenote_category":0},"product_brand":[],"product_cat":[20],"product_tag":[21,57,25,58,49,48,61,36],"class_list":{"0":"post-197","1":"product","2":"type-product","3":"status-publish","4":"has-post-thumbnail","6":"product_cat-peintures-acryliques","7":"product_tag-acrylique","8":"product_tag-carton","9":"product_tag-encadree","10":"product_tag-paysage","11":"product_tag-peinture","12":"product_tag-philippe-levasseur","13":"product_tag-recyclage","14":"product_tag-tableau","16":"first","17":"instock","18":"shipping-taxable","19":"purchasable","20":"product-type-simple"},"aioseo_notices":[],"jetpack-related-posts":[{"id":200,"url":"https:\/\/pl-graphisme.org\/Vente\/product\/piazza-san-marco-aqua-alta\/","url_meta":{"origin":197,"position":0},"title":"Piazza San Marco, aqua alta","author":"phil.levasseur","date":"05\/12\/2022","format":false,"excerpt":"Piazza San Marco, aqua alta ; Venise, acrylique sur carton 30x42 cm, encadr\u00e9 en caisse am\u00e9ricaine 37x49 cm, d\u2019apr\u00e8s photo Philippe Levasseur. Mat\u00e9riaux recycl\u00e9s.","rel":"","context":"Article similaire","block_context":{"text":"Article similaire","link":""},"img":{"alt_text":"Piazza San Marco, aqua alta ; Venise, acrylique sur carton 30x42 cm, encadr\u00e9 en caisse am\u00e9ricaine 37x49 cm, d\u2019apr\u00e8s photo Philippe Levasseur. Mat\u00e9riaux recycl\u00e9s.","src":"https:\/\/i0.wp.com\/pl-graphisme.org\/Vente\/wp-content\/uploads\/2022\/12\/san-marco-01-sans-cadre.jpg?fit=438%2C600&ssl=1&resize=350%2C200","width":350,"height":200},"classes":[]},{"id":194,"url":"https:\/\/pl-graphisme.org\/Vente\/product\/la-glycine\/","url_meta":{"origin":197,"position":1},"title":"La glycine","author":"phil.levasseur","date":"05\/12\/2022","format":false,"excerpt":"La glycine, peinture acrylique sur carton, 30x42 cm, caisse am\u00e9ricaine, 37x49 cm. Mat\u00e9riaux recycl\u00e9s. Par Philippe Levasseur.","rel":"","context":"Article similaire","block_context":{"text":"Article similaire","link":""},"img":{"alt_text":"la glycine, acrylique sur carton, Philippe levasseur","src":"https:\/\/i0.wp.com\/pl-graphisme.org\/Vente\/wp-content\/uploads\/2022\/12\/la-glycine-sans-cadre.jpg?fit=442%2C600&ssl=1&resize=350%2C200","width":350,"height":200},"classes":[]},{"id":361,"url":"https:\/\/pl-graphisme.org\/Vente\/product\/venise-au-crepuscule\/","url_meta":{"origin":197,"position":2},"title":"Venise au cr\u00e9puscule","author":"phil.levasseur","date":"12\/01\/2023","format":false,"excerpt":"Venise au cr\u00e9puscule Peint en 2010 Acrylique sur carton Dimensions 49x37cm Mat\u00e9riaux issus de recyclage. Peut \u00eatre livr\u00e9 encadr\u00e9 caisse am\u00e9ricaine, environs 52\u00d740cm. Pour la commande il faut ajouter \"caisse am\u00e9ricaine\" au panier et laisser un commentaire pour le choix de teinte du fond de cadre. L'image encadr\u00e9e est une\u2026","rel":"","context":"Article similaire","block_context":{"text":"Article similaire","link":""},"img":{"alt_text":"Venise au cr\u00e9puscule, Acrylique sur carton Philippe Levasseur.","src":"https:\/\/i0.wp.com\/pl-graphisme.org\/Vente\/wp-content\/uploads\/2023\/01\/venise-au-crepuscule.jpg?fit=800%2C590&ssl=1&resize=350%2C200","width":350,"height":200,"srcset":"https:\/\/i0.wp.com\/pl-graphisme.org\/Vente\/wp-content\/uploads\/2023\/01\/venise-au-crepuscule.jpg?fit=800%2C590&ssl=1&resize=350%2C200 1x, https:\/\/i0.wp.com\/pl-graphisme.org\/Vente\/wp-content\/uploads\/2023\/01\/venise-au-crepuscule.jpg?fit=800%2C590&ssl=1&resize=525%2C300 1.5x, https:\/\/i0.wp.com\/pl-graphisme.org\/Vente\/wp-content\/uploads\/2023\/01\/venise-au-crepuscule.jpg?fit=800%2C590&ssl=1&resize=700%2C400 2x"},"classes":[]},{"id":203,"url":"https:\/\/pl-graphisme.org\/Vente\/product\/casa-goldoni\/","url_meta":{"origin":197,"position":3},"title":"Casa Goldoni","author":"phil.levasseur","date":"05\/12\/2022","format":false,"excerpt":"Casa Goldoni, peinture acrylique sur carton, 22x29 cm. Sans cadre. Mat\u00e9riaux recycl\u00e9s. d\u2019apr\u00e8s une photo prise \u00e0 Venise par Philippe Levasseur.","rel":"","context":"Article similaire","block_context":{"text":"Article similaire","link":""},"img":{"alt_text":"Casa Goldoni, peinture acrylique sur carton, 22x29 cm, Sans cadre. Mat\u00e9riaux recycl\u00e9s. d\u2019apr\u00e8s une photo prise \u00e0 Venise par Philippe Levasseur.","src":"https:\/\/i0.wp.com\/pl-graphisme.org\/Vente\/wp-content\/uploads\/2022\/12\/casa_goldoni.jpg?fit=445%2C600&ssl=1&resize=350%2C200","width":350,"height":200},"classes":[]},{"id":454,"url":"https:\/\/pl-graphisme.org\/Vente\/product\/variations-chromatiques-jaune\/","url_meta":{"origin":197,"position":4},"title":"Variations chromatiques jaune","author":"phil.levasseur","date":"20\/01\/2023","format":false,"excerpt":"Variations chromatiques jaune, acrylique cir\u00e9 et papier m\u00e2ch\u00e9 sur isorel de Philippe Levasseur, r\u00e9alis\u00e9 en novembre 2022 Dimensions 38x38cm, encadr\u00e9 caisse am\u00e9ricaine 48x48cm. Tous les mat\u00e9riaux sont issus de recyclage. En fonctions des \u00e9crans les teintes peuvent \u00eatre l\u00e9g\u00e8rement diff\u00e9rentes. Acheter la s\u00e9rie","rel":"","context":"Article similaire","block_context":{"text":"Article similaire","link":""},"img":{"alt_text":"Variations chromatiques jaune, acrylique cir\u00e9 et papier m\u00e2ch\u00e9 sur isorel de Philippe Levasseur, r\u00e9alis\u00e9 en novembre 2022 Dimensions 38x38cm, encadr\u00e9 caisse am\u00e9ricaine 48x48cm. Tous les mat\u00e9riaux sont issus de recyclage. En fonctions des \u00e9crans les teintes peuvent \u00eatre l\u00e9g\u00e8rement diff\u00e9rentes.","src":"https:\/\/i0.wp.com\/pl-graphisme.org\/Vente\/wp-content\/uploads\/2023\/01\/variations-chromatiques-jaune-encadree.jpg?fit=1000%2C1001&ssl=1&resize=350%2C200","width":350,"height":200,"srcset":"https:\/\/i0.wp.com\/pl-graphisme.org\/Vente\/wp-content\/uploads\/2023\/01\/variations-chromatiques-jaune-encadree.jpg?fit=1000%2C1001&ssl=1&resize=350%2C200 1x, https:\/\/i0.wp.com\/pl-graphisme.org\/Vente\/wp-content\/uploads\/2023\/01\/variations-chromatiques-jaune-encadree.jpg?fit=1000%2C1001&ssl=1&resize=525%2C300 1.5x, https:\/\/i0.wp.com\/pl-graphisme.org\/Vente\/wp-content\/uploads\/2023\/01\/variations-chromatiques-jaune-encadree.jpg?fit=1000%2C1001&ssl=1&resize=700%2C400 2x"},"classes":[]},{"id":450,"url":"https:\/\/pl-graphisme.org\/Vente\/product\/un-anneau\/","url_meta":{"origin":197,"position":5},"title":"Un Anneau","author":"phil.levasseur","date":"19\/01\/2023","format":false,"excerpt":"Un anneau, acrylique cir\u00e9 et papier m\u00e2ch\u00e9 sur isorel de Philippe Levasseur, R\u00e9alis\u00e9 en octobre 2022 dimensions 24x24cm, encadr\u00e9 caisse am\u00e9ricaine 33x33cm. Tous les mat\u00e9riaux sont issus de recyclage. En fonctions des \u00e9crans les teintes peuvent \u00eatre l\u00e9g\u00e8rement diff\u00e9rentes.","rel":"","context":"Article similaire","block_context":{"text":"Article similaire","link":""},"img":{"alt_text":"","src":"","width":0,"height":0},"classes":[]}],"jetpack_sharing_enabled":true,"_links":{"self":[{"href":"https:\/\/pl-graphisme.org\/Vente\/wp-json\/wp\/v2\/product\/197","targetHints":{"allow":["GET"]}}],"collection":[{"href":"https:\/\/pl-graphisme.org\/Vente\/wp-json\/wp\/v2\/product"}],"about":[{"href":"https:\/\/pl-graphisme.org\/Vente\/wp-json\/wp\/v2\/types\/product"}],"replies":[{"embeddable":true,"href":"https:\/\/pl-graphisme.org\/Vente\/wp-json\/wp\/v2\/comments?post=197"}],"wp:featuredmedia":[{"embeddable":true,"href":"https:\/\/pl-graphisme.org\/Vente\/wp-json\/wp\/v2\/media\/198"}],"wp:attachment":[{"href":"https:\/\/pl-graphisme.org\/Vente\/wp-json\/wp\/v2\/media?parent=197"}],"wp:term":[{"taxonomy":"product_brand","embeddable":true,"href":"https:\/\/pl-graphisme.org\/Vente\/wp-json\/wp\/v2\/product_brand?post=197"},{"taxonomy":"product_cat","embeddable":true,"href":"https:\/\/pl-graphisme.org\/Vente\/wp-json\/wp\/v2\/product_cat?post=197"},{"taxonomy":"product_tag","embeddable":true,"href":"https:\/\/pl-graphisme.org\/Vente\/wp-json\/wp\/v2\/product_tag?post=197"}],"curies":[{"name":"wp","href":"https:\/\/api.w.org\/{rel}","templated":true}]}}